{"id":897,"date":"2024-03-21T14:55:21","date_gmt":"2024-03-21T13:55:21","guid":{"rendered":"https:\/\/sksp.usz.edu.pl\/?page_id=897"},"modified":"2026-05-06T16:11:54","modified_gmt":"2026-05-06T14:11:54","slug":"komitet-naukowy","status":"publish","type":"page","link":"https:\/\/sksp.usz.edu.pl\/index.php\/komitet-naukowy\/","title":{"rendered":"Komitet Naukowy"},"content":{"rendered":"<p class=\"wp-block-paragraph\"><\/p>\n\n\n\n<h2 class=\"wp-block-heading\">Komitet Naukowy<\/h2>\n\n\n\n<div style=\"height:100px\" aria-hidden=\"true\" class=\"wp-block-spacer\"><\/div>\n\n\n\n<div class=\"wp-block-media-text is-stacked-on-mobile\" style=\"grid-template-columns:31% auto\"><figure class=\"wp-block-media-text__media\"><img loading=\"lazy\" decoding=\"async\" width=\"1024\" height=\"1024\" src=\"https:\/\/sksp.usz.edu.pl\/wp-content\/uploads\/2024\/03\/H_Paluszkiewicz-1024x1024-1.jpg\" alt=\"\" class=\"wp-image-898 size-full\" srcset=\"https:\/\/sksp.usz.edu.pl\/wp-content\/uploads\/2024\/03\/H_Paluszkiewicz-1024x1024-1.jpg 1024w, https:\/\/sksp.usz.edu.pl\/wp-content\/uploads\/2024\/03\/H_Paluszkiewicz-1024x1024-1-300x300.jpg 300w, https:\/\/sksp.usz.edu.pl\/wp-content\/uploads\/2024\/03\/H_Paluszkiewicz-1024x1024-1-150x150.jpg 150w, https:\/\/sksp.usz.edu.pl\/wp-content\/uploads\/2024\/03\/H_Paluszkiewicz-1024x1024-1-768x768.jpg 768w\" sizes=\"auto, (max-width: 1024px) 100vw, 1024px\" \/><\/figure><div class=\"wp-block-media-text__content\">\n<h3 class=\"wp-block-heading\"><strong>prof. dr hab. Hanna Paluszkiewicz<\/strong><\/h3>\n\n\n\n<p class=\"wp-block-paragraph\"><strong>Przewodnicz\u0105ca Komitetu Naukowego<\/strong><\/p>\n\n\n\n<p class=\"has-text-align-left wp-block-paragraph\">Profesor nauk prawnych, zatrudniona na stanowisku Profesora na Wydziale Prawa i Administracji Uniwersytetu Szczeci\u0144skiego, Kierownik Zespo\u0142u Badawczego Prawa Karnego Procesowego WPiA US, Przewodnicz\u0105ca Komisji Dyscyplinarnej przy Radzie G\u0142\u00f3wnej Nauki i Szkolnictwa Wy\u017cszego (kadencja 2021-2024), Cz\u0142onek Komisji do spraw Etyki w Nauce przy Polskiej Akademii Nauk, radca prawny, autorka ponad stu publikacji.<\/p>\n\n\n\n<p class=\"has-text-align-left wp-block-paragraph\">Prowadzi badania w zakresie praktycznych i teoretycznych aspekt\u00f3w procesu karnego, a w szczeg\u00f3lno\u015bci orzekania poza rozpraw\u0105, praktycznych aspekt\u00f3w posiedze\u0144 s\u0105dowych, sytuacji procesowej pokrzywdzonych, problematyki zasad procesowych, a tak\u017ce intertemporalistyki na gruncie tej dziedziny prawa. Analizuje wp\u0142yw prawa karnego procesowego na post\u0119powania dyscyplinarne oraz na post\u0119powanie w sprawach o przest\u0119pstwa skarbowe i wykroczenia skarbowe.<\/p>\n<\/div><\/div>\n\n\n\n<div style=\"height:100px\" aria-hidden=\"true\" class=\"wp-block-spacer\"><\/div>\n\n\n\n<h3 class=\"wp-block-heading has-text-align-center\">prof. dr hab.&nbsp;Violetta Konarska-Wrzosek<\/h3>\n\n\n\n<h4 class=\"wp-block-heading has-text-align-center\">(Uniwersytet Miko\u0142aja Kopernika w Toruniu)<\/h4>\n\n\n\n<div style=\"height:100px\" aria-hidden=\"true\" class=\"wp-block-spacer\"><\/div>\n\n\n\n<h3 class=\"wp-block-heading has-text-align-center\">prof. dr hab. Ryszard Stefa\u0144ski<\/h3>\n\n\n\n<h4 class=\"wp-block-heading has-text-align-center\">(Uczelnia \u0141azarskiego)<\/h4>\n\n\n\n<div style=\"height:100px\" aria-hidden=\"true\" class=\"wp-block-spacer\"><\/div>\n\n\n\n<h3 class=\"wp-block-heading has-text-align-center\">dr hab. Magdalena B\u0142aszczyk<\/h3>\n\n\n\n<h4 class=\"wp-block-heading has-text-align-center\">(Uniwersytet Warszawski)<\/h4>\n\n\n\n<div style=\"height:100px\" aria-hidden=\"true\" class=\"wp-block-spacer\"><\/div>\n\n\n\n<h3 class=\"wp-block-heading has-text-align-center\">prof. dr hab. Jacek Sobczak<\/h3>\n\n\n\n<h4 class=\"wp-block-heading has-text-align-center\">(SSN w stanie spoczynku)<\/h4>\n\n\n\n<div style=\"height:100px\" aria-hidden=\"true\" class=\"wp-block-spacer\"><\/div>\n\n\n\n<h3 class=\"wp-block-heading has-text-align-center\">prof. dr hab. Piotr Kardas<\/h3>\n\n\n\n<h4 class=\"wp-block-heading has-text-align-center\">(Uniwersytet Jagiello\u0144ski)<\/h4>\n\n\n\n<div style=\"height:100px\" aria-hidden=\"true\" class=\"wp-block-spacer\"><\/div>\n\n\n\n<h3 class=\"wp-block-heading has-text-align-center\">dr hab. prof. UJ Andrzej \u015awiat\u0142owski<\/h3>\n\n\n\n<h4 class=\"wp-block-heading has-text-align-center\">(Uniwersytet Jagiello\u0144ski)<\/h4>\n\n\n\n<div style=\"height:100px\" aria-hidden=\"true\" class=\"wp-block-spacer\"><\/div>\n\n\n\n<h3 class=\"wp-block-heading has-text-align-center\">dr hab. prof. US Mariusz Nawrocki <\/h3>\n\n\n\n<h4 class=\"wp-block-heading has-text-align-center\">(Uniwersytet Szczeci\u0144ski)<\/h4>\n\n\n\n<div style=\"height:100px\" aria-hidden=\"true\" class=\"wp-block-spacer\"><\/div>\n\n\n<\/p>\n<!--themify_builder_content-->\n<div id=\"themify_builder_content-897\" data-postid=\"897\" class=\"themify_builder_content themify_builder_content-897 themify_builder tf_clear\">\n    <\/div>\n<!--\/themify_builder_content-->","protected":false},"excerpt":{"rendered":"<p>Komitet Naukowy prof. dr hab. Hanna Paluszkiewicz Przewodnicz\u0105ca Komitetu Naukowego Profesor nauk prawnych, zatrudniona na stanowisku Profesora na Wydziale Prawa i Administracji Uniwersytetu Szczeci\u0144skiego, Kierownik Zespo\u0142u Badawczego Prawa Karnego Procesowego WPiA US, Przewodnicz\u0105ca Komisji Dyscyplinarnej przy Radzie G\u0142\u00f3wnej Nauki i Szkolnictwa Wy\u017cszego (kadencja 2021-2024), Cz\u0142onek Komisji do spraw Etyki w Nauce przy Polskiej Akademii Nauk,&hellip;&nbsp;<a href=\"https:\/\/sksp.usz.edu.pl\/index.php\/komitet-naukowy\/\" class=\"\" rel=\"bookmark\">Czytaj dalej &raquo;<span class=\"screen-reader-text\">Komitet Naukowy<\/span><\/a><\/p>\n","protected":false},"author":2,"featured_media":0,"parent":0,"menu_order":0,"comment_status":"closed","ping_status":"closed","template":"","meta":{"neve_meta_sidebar":"","neve_meta_container":"default","neve_meta_enable_content_width":"","neve_meta_content_width":0,"neve_meta_title_alignment":"","neve_meta_author_avatar":"","neve_post_elements_order":"","neve_meta_disable_header":"","neve_meta_disable_footer":"","neve_meta_disable_title":"on","_themeisle_gutenberg_block_has_review":false,"_ti_tpc_template_sync":false,"_ti_tpc_template_id":"","footnotes":""},"class_list":["post-897","page","type-page","status-publish","hentry"],"builder_content":"","_links":{"self":[{"href":"https:\/\/sksp.usz.edu.pl\/index.php\/wp-json\/wp\/v2\/pages\/897","targetHints":{"allow":["GET"]}}],"collection":[{"href":"https:\/\/sksp.usz.edu.pl\/index.php\/wp-json\/wp\/v2\/pages"}],"about":[{"href":"https:\/\/sksp.usz.edu.pl\/index.php\/wp-json\/wp\/v2\/types\/page"}],"author":[{"embeddable":true,"href":"https:\/\/sksp.usz.edu.pl\/index.php\/wp-json\/wp\/v2\/users\/2"}],"replies":[{"embeddable":true,"href":"https:\/\/sksp.usz.edu.pl\/index.php\/wp-json\/wp\/v2\/comments?post=897"}],"version-history":[{"count":48,"href":"https:\/\/sksp.usz.edu.pl\/index.php\/wp-json\/wp\/v2\/pages\/897\/revisions"}],"predecessor-version":[{"id":1589,"href":"https:\/\/sksp.usz.edu.pl\/index.php\/wp-json\/wp\/v2\/pages\/897\/revisions\/1589"}],"wp:attachment":[{"href":"https:\/\/sksp.usz.edu.pl\/index.php\/wp-json\/wp\/v2\/media?parent=897"}],"curies":[{"name":"wp","href":"https:\/\/api.w.org\/{rel}","templated":true}]}}

<p class="wp-block-paragraph"></p>



<h2 class="wp-block-heading">Komitet Naukowy</h2>



<div style="height:100px" aria-hidden="true" class="wp-block-spacer"></div>



<div class="wp-block-media-text is-stacked-on-mobile" style="grid-template-columns:31% auto"><figure class="wp-block-media-text__media"><img loading="lazy" decoding="async" width="1024" height="1024" src="https://sksp.usz.edu.pl/wp-content/uploads/2024/03/H_Paluszkiewicz-1024x1024-1.jpg" alt="" class="wp-image-898 size-full" srcset="https://sksp.usz.edu.pl/wp-content/uploads/2024/03/H_Paluszkiewicz-1024x1024-1.jpg 1024w, https://sksp.usz.edu.pl/wp-content/uploads/2024/03/H_Paluszkiewicz-1024x1024-1-300x300.jpg 300w, https://sksp.usz.edu.pl/wp-content/uploads/2024/03/H_Paluszkiewicz-1024x1024-1-150x150.jpg 150w, https://sksp.usz.edu.pl/wp-content/uploads/2024/03/H_Paluszkiewicz-1024x1024-1-768x768.jpg 768w" sizes="auto, (max-width: 1024px) 100vw, 1024px" /></figure><div class="wp-block-media-text__content">
<h3 class="wp-block-heading"><strong>prof. dr hab. Hanna Paluszkiewicz</strong></h3>



<p class="wp-block-paragraph"><strong>Przewodnicząca Komitetu Naukowego</strong></p>



<p class="has-text-align-left wp-block-paragraph">Profesor nauk prawnych, zatrudniona na stanowisku Profesora na Wydziale Prawa i Administracji Uniwersytetu Szczecińskiego, Kierownik Zespołu Badawczego Prawa Karnego Procesowego WPiA US, Przewodnicząca Komisji Dyscyplinarnej przy Radzie Głównej Nauki i Szkolnictwa Wyższego (kadencja 2021-2024), Członek Komisji do spraw Etyki w Nauce przy Polskiej Akademii Nauk, radca prawny, autorka ponad stu publikacji.</p>



<p class="has-text-align-left wp-block-paragraph">Prowadzi badania w zakresie praktycznych i teoretycznych aspektów procesu karnego, a w szczególności orzekania poza rozprawą, praktycznych aspektów posiedzeń sądowych, sytuacji procesowej pokrzywdzonych, problematyki zasad procesowych, a także intertemporalistyki na gruncie tej dziedziny prawa. Analizuje wpływ prawa karnego procesowego na postępowania dyscyplinarne oraz na postępowanie w sprawach o przestępstwa skarbowe i wykroczenia skarbowe.</p>
</div></div>



<div style="height:100px" aria-hidden="true" class="wp-block-spacer"></div>



<h3 class="wp-block-heading has-text-align-center">prof. dr hab.&nbsp;Violetta Konarska-Wrzosek</h3>



<h4 class="wp-block-heading has-text-align-center">(Uniwersytet Mikołaja Kopernika w Toruniu)</h4>



<div style="height:100px" aria-hidden="true" class="wp-block-spacer"></div>



<h3 class="wp-block-heading has-text-align-center">prof. dr hab. Ryszard Stefański</h3>



<h4 class="wp-block-heading has-text-align-center">(Uczelnia Łazarskiego)</h4>



<div style="height:100px" aria-hidden="true" class="wp-block-spacer"></div>



<h3 class="wp-block-heading has-text-align-center">dr hab. Magdalena Błaszczyk</h3>



<h4 class="wp-block-heading has-text-align-center">(Uniwersytet Warszawski)</h4>



<div style="height:100px" aria-hidden="true" class="wp-block-spacer"></div>



<h3 class="wp-block-heading has-text-align-center">prof. dr hab. Jacek Sobczak</h3>



<h4 class="wp-block-heading has-text-align-center">(SSN w stanie spoczynku)</h4>



<div style="height:100px" aria-hidden="true" class="wp-block-spacer"></div>



<h3 class="wp-block-heading has-text-align-center">prof. dr hab. Piotr Kardas</h3>



<h4 class="wp-block-heading has-text-align-center">(Uniwersytet Jagielloński)</h4>



<div style="height:100px" aria-hidden="true" class="wp-block-spacer"></div>



<h3 class="wp-block-heading has-text-align-center">dr hab. prof. UJ Andrzej Światłowski</h3>



<h4 class="wp-block-heading has-text-align-center">(Uniwersytet Jagielloński)</h4>



<div style="height:100px" aria-hidden="true" class="wp-block-spacer"></div>



<h3 class="wp-block-heading has-text-align-center">dr hab. prof. US Mariusz Nawrocki </h3>



<h4 class="wp-block-heading has-text-align-center">(Uniwersytet Szczeciński)</h4>



<div style="height:100px" aria-hidden="true" class="wp-block-spacer"></div>


</p>
<!--themify_builder_content-->
<div id="themify_builder_content-897" data-postid="897" class="themify_builder_content themify_builder_content-897 themify_builder tf_clear">
    </div>
<!--/themify_builder_content-->

<p>Komitet Naukowy prof. dr hab. Hanna Paluszkiewicz Przewodnicząca Komitetu Naukowego Profesor nauk prawnych, zatrudniona na stanowisku Profesora na Wydziale Prawa i Administracji Uniwersytetu Szczecińskiego, Kierownik Zespołu Badawczego Prawa Karnego Procesowego WPiA US, Przewodnicząca Komisji Dyscyplinarnej przy Radzie Głównej Nauki i Szkolnictwa Wyższego (kadencja 2021-2024), Członek Komisji do spraw Etyki w Nauce przy Polskiej Akademii Nauk,&hellip;&nbsp;<a href="https://sksp.usz.edu.pl/index.php/komitet-naukowy/" class="" rel="bookmark">Czytaj dalej &raquo;<span class="screen-reader-text">Komitet Naukowy</span></a></p>
